{"id":541,"date":"2022-05-03T08:10:35","date_gmt":"2022-05-03T08:10:35","guid":{"rendered":"https:\/\/pastatuelektronika.lt\/index.php\/contact-us\/"},"modified":"2025-09-19T23:19:13","modified_gmt":"2025-09-19T21:19:13","slug":"susisiekite","status":"publish","type":"page","link":"https:\/\/pastatuelektronika.lt\/index.php\/verslui\/susisiekite\/","title":{"rendered":"Kontaktai"},"content":{"rendered":"\t\t<div data-elementor-type=\"wp-page\" data-elementor-id=\"541\" class=\"elementor elementor-541\">\n\t\t\t\t\t\t<section class=\"elementor-section elementor-top-section elementor-element elementor-element-7f3bf0c elementor-section-content-middle elementor-section-height-min-height elementor-section-items-stretch elementor-section-boxed elementor-section-height-default\" data-id=\"7f3bf0c\" data-element_type=\"section\" data-e-type=\"section\">\n\t\t\t\t\t\t<div class=\"elementor-container elementor-column-gap-no\">\n\t\t\t\t\t<div class=\"elementor-column elementor-col-50 elementor-top-column elementor-element elementor-element-7b12ce43\" data-id=\"7b12ce43\" data-element_type=\"column\" data-e-type=\"column\">\n\t\t\t<div class=\"elementor-widget-wrap elementor-element-populated\">\n\t\t\t\t\t\t<div class=\"elementor-element elementor-element-a786a73 elementor-widget-divider--separator-type-pattern elementor-widget-divider--no-spacing elementor-widget-divider--view-line elementor-widget elementor-widget-divider\" data-id=\"a786a73\" data-element_type=\"widget\" data-e-type=\"widget\" data-widget_type=\"divider.default\">\n\t\t\t\t<div class=\"elementor-widget-container\">\n\t\t\t\t\t\t\t<div class=\"elementor-divider\" style=\"--divider-pattern-url: url(&quot;data:image\/svg+xml,%3Csvg xmlns=&#039;http:\/\/www.w3.org\/2000\/svg&#039; preserveAspectRatio=&#039;xMidYMid meet&#039; overflow=&#039;visible&#039; height=&#039;100%&#039; viewBox=&#039;0 0 126 26&#039; fill=&#039;black&#039; stroke=&#039;none&#039;%3E%3Cpath d=&#039;M10.7,6l2.5,2.6l-4,4.3l4,5.4l-2.5,1.9l-4.5-5.2l-3.9,4.2L0.7,17L4,13.1L0,8.6l2.3-1.3l3.9,3.9L10.7,6z M23.9,6.6l4.2,4.5L32,7.2l2.3,1.3l-4,4.5l3.2,3.9L32,19.1l-3.9-3.3l-4.5,4.3l-2.5-1.9l4.4-5.1l-4.2-3.9L23.9,6.6zM73.5,6L76,8.6l-4,4.3l4,5.4l-2.5,1.9l-4.5-5.2l-3.9,4.2L63.5,17l4.1-4.7L63.5,8l2.3-1.3l4.1,3.6L73.5,6z M94,6l2.5,2.6l-4,4.3l4,5.4L94,20.1l-3.9-5l-3.9,4.2L84,17l3.2-3.9L84,8.6l2.3-1.3l3.2,3.9L94,6z M106.9,6l4.5,5.1l3.9-3.9l2.3,1.3l-4,4.5l3.2,3.9l-1.6,2.1l-3.9-4.2l-4.5,5.2l-2.5-1.9l4-5.4l-4-4.3L106.9,6z M53.1,6l2.5,2.6l-4,4.3l4,4.6l-2.5,1.9l-4.5-4.5l-3.5,4.5L43.1,17l3.2-3.9l-4-4.5l2.3-1.3l3.9,3.9L53.1,6z&#039;\/%3E%3C\/svg%3E&quot;);\">\n\t\t\t<span class=\"elementor-divider-separator\">\n\t\t\t\t\t\t<\/span>\n\t\t<\/div>\n\t\t\t\t\t\t<\/div>\n\t\t\t\t<\/div>\n\t\t\t\t<div class=\"elementor-element elementor-element-352bb2d elementor-widget elementor-widget-spacer\" data-id=\"352bb2d\" data-element_type=\"widget\" data-e-type=\"widget\" data-widget_type=\"spacer.default\">\n\t\t\t\t<div class=\"elementor-widget-container\">\n\t\t\t\t\t\t\t<div class=\"elementor-spacer\">\n\t\t\t<div class=\"elementor-spacer-inner\"><\/div>\n\t\t<\/div>\n\t\t\t\t\t\t<\/div>\n\t\t\t\t<\/div>\n\t\t\t\t<div class=\"elementor-element elementor-element-81350e0 elementor-widget-divider--separator-type-pattern elementor-widget-divider--no-spacing elementor-widget-divider--view-line elementor-widget elementor-widget-divider\" data-id=\"81350e0\" data-element_type=\"widget\" data-e-type=\"widget\" data-widget_type=\"divider.default\">\n\t\t\t\t<div class=\"elementor-widget-container\">\n\t\t\t\t\t\t\t<div class=\"elementor-divider\" style=\"--divider-pattern-url: url(&quot;data:image\/svg+xml,%3Csvg xmlns=&#039;http:\/\/www.w3.org\/2000\/svg&#039; preserveAspectRatio=&#039;xMidYMid meet&#039; overflow=&#039;visible&#039; height=&#039;100%&#039; viewBox=&#039;0 0 126 26&#039; fill=&#039;black&#039; stroke=&#039;none&#039;%3E%3Cpath d=&#039;M10.7,6l2.5,2.6l-4,4.3l4,5.4l-2.5,1.9l-4.5-5.2l-3.9,4.2L0.7,17L4,13.1L0,8.6l2.3-1.3l3.9,3.9L10.7,6z M23.9,6.6l4.2,4.5L32,7.2l2.3,1.3l-4,4.5l3.2,3.9L32,19.1l-3.9-3.3l-4.5,4.3l-2.5-1.9l4.4-5.1l-4.2-3.9L23.9,6.6zM73.5,6L76,8.6l-4,4.3l4,5.4l-2.5,1.9l-4.5-5.2l-3.9,4.2L63.5,17l4.1-4.7L63.5,8l2.3-1.3l4.1,3.6L73.5,6z M94,6l2.5,2.6l-4,4.3l4,5.4L94,20.1l-3.9-5l-3.9,4.2L84,17l3.2-3.9L84,8.6l2.3-1.3l3.2,3.9L94,6z M106.9,6l4.5,5.1l3.9-3.9l2.3,1.3l-4,4.5l3.2,3.9l-1.6,2.1l-3.9-4.2l-4.5,5.2l-2.5-1.9l4-5.4l-4-4.3L106.9,6z M53.1,6l2.5,2.6l-4,4.3l4,4.6l-2.5,1.9l-4.5-4.5l-3.5,4.5L43.1,17l3.2-3.9l-4-4.5l2.3-1.3l3.9,3.9L53.1,6z&#039;\/%3E%3C\/svg%3E&quot;);\">\n\t\t\t<span class=\"elementor-divider-separator\">\n\t\t\t\t\t\t<\/span>\n\t\t<\/div>\n\t\t\t\t\t\t<\/div>\n\t\t\t\t<\/div>\n\t\t\t\t<div class=\"elementor-element elementor-element-4ecc2c97 elementor-invisible elementor-widget elementor-widget-heading\" data-id=\"4ecc2c97\" data-element_type=\"widget\" data-e-type=\"widget\" data-settings=\"{&quot;_animation&quot;:&quot;slideInUp&quot;}\" data-widget_type=\"heading.default\">\n\t\t\t\t<div class=\"elementor-widget-container\">\n\t\t\t\t\t<span class=\"elementor-heading-title elementor-size-default\">Kontaktai<\/span>\t\t\t\t<\/div>\n\t\t\t\t<\/div>\n\t\t\t\t<div class=\"elementor-element elementor-element-2d09150c elementor-widget elementor-widget-text-editor\" data-id=\"2d09150c\" data-element_type=\"widget\" data-e-type=\"widget\" data-widget_type=\"text-editor.default\">\n\t\t\t\t<div class=\"elementor-widget-container\">\n\t\t\t\t\t\t\t\t\t<p>Turite klausim\u0173? Mielai \u012f juos atsakysime.<\/p><p>+37060114910<\/p><p>marius@pastatuelektronika.lt<\/p><p><strong>Dirbame:<\/strong>\u00a0Pirm.- Penkt. 8:00 &#8211; 17:00<\/p><p>\u00a0<\/p><p>\u00a0<\/p><h1>Rekvizitai:<\/h1><p><strong>\u0160viesi erdv\u0117, UAB<\/strong><\/p><p><strong>\u012emon\u0117s kodas:<\/strong>\u00a0304599956<\/p><p><strong>PVM mok\u0117tojo kodas:\u00a0<\/strong>LT100013079816<\/p><p><strong>Adresas korespondencijai:\u00a0<\/strong>Pa\u0161il\u0117s g. 23-7, LT-51379 Kaunas<\/p><p><strong>Sand\u0117lio adresas:\u00a0<\/strong>Pramon\u0117s pr. 15A, Kaunas<\/p><p><strong>Atsiskaitomoji s\u0105skaita:\u00a0<\/strong>LT047300010160842862\u00a0<\/p><p><strong>Swedbank, AB<\/strong><\/p>\t\t\t\t\t\t\t\t<\/div>\n\t\t\t\t<\/div>\n\t\t\t\t\t<\/div>\n\t\t<\/div>\n\t\t\t\t<div class=\"elementor-column elementor-col-50 elementor-top-column elementor-element elementor-element-4a3e7bd3\" data-id=\"4a3e7bd3\" data-element_type=\"column\" data-e-type=\"column\" data-settings=\"{&quot;background_background&quot;:&quot;classic&quot;}\">\n\t\t\t<div class=\"elementor-widget-wrap elementor-element-populated\">\n\t\t\t\t\t\t<div class=\"elementor-element elementor-element-f7f534e elementor-widget__width-initial elementor-invisible elementor-widget elementor-widget-image\" data-id=\"f7f534e\" data-element_type=\"widget\" data-e-type=\"widget\" data-settings=\"{&quot;_animation&quot;:&quot;slideInUp&quot;}\" data-widget_type=\"image.default\">\n\t\t\t\t<div class=\"elementor-widget-container\">\n\t\t\t\t\t\t\t\t\t\t\t\t\t\t\t<img fetchpriority=\"high\" decoding=\"async\" width=\"800\" height=\"800\" src=\"https:\/\/pastatuelektronika.lt\/wp-content\/uploads\/2025\/09\/ChatGPT-Image-Sep-19-2025-at-03_08_34-PM.png\" class=\"attachment-large size-large wp-image-1969\" alt=\"\" srcset=\"https:\/\/pastatuelektronika.lt\/wp-content\/uploads\/2025\/09\/ChatGPT-Image-Sep-19-2025-at-03_08_34-PM.png 1024w, https:\/\/pastatuelektronika.lt\/wp-content\/uploads\/2025\/09\/ChatGPT-Image-Sep-19-2025-at-03_08_34-PM-300x300.png 300w, https:\/\/pastatuelektronika.lt\/wp-content\/uploads\/2025\/09\/ChatGPT-Image-Sep-19-2025-at-03_08_34-PM-150x150.png 150w, https:\/\/pastatuelektronika.lt\/wp-content\/uploads\/2025\/09\/ChatGPT-Image-Sep-19-2025-at-03_08_34-PM-768x768.png 768w\" sizes=\"(max-width: 800px) 100vw, 800px\" \/>\t\t\t\t\t\t\t\t\t\t\t\t\t\t\t<\/div>\n\t\t\t\t<\/div>\n\t\t\t\t\t<\/div>\n\t\t<\/div>\n\t\t\t\t\t<\/div>\n\t\t<\/section>\n\t\t\t\t<section class=\"elementor-section elementor-top-section elementor-element elementor-element-5cc5b335 elementor-section-content-middle elementor-reverse-mobile elementor-section-height-min-height elementor-section-items-stretch elementor-section-boxed elementor-section-height-default\" data-id=\"5cc5b335\" data-element_type=\"section\" data-e-type=\"section\">\n\t\t\t\t\t\t<div class=\"elementor-container elementor-column-gap-no\">\n\t\t\t\t\t<div class=\"elementor-column elementor-col-50 elementor-top-column elementor-element elementor-element-49818f75\" data-id=\"49818f75\" data-element_type=\"column\" data-e-type=\"column\" data-settings=\"{&quot;background_background&quot;:&quot;classic&quot;}\">\n\t\t\t<div class=\"elementor-widget-wrap elementor-element-populated\">\n\t\t\t\t\t\t<div class=\"elementor-element elementor-element-5e132f2f elementor-invisible elementor-widget elementor-widget-image\" data-id=\"5e132f2f\" data-element_type=\"widget\" data-e-type=\"widget\" data-settings=\"{&quot;_animation&quot;:&quot;slideInUp&quot;}\" data-widget_type=\"image.default\">\n\t\t\t\t<div class=\"elementor-widget-container\">\n\t\t\t\t\t\t\t\t\t\t\t\t\t\t\t<img decoding=\"async\" src=\"https:\/\/pastatuelektronika.lt\/wp-content\/uploads\/2025\/09\/ChatGPT-Image-Sep-19-2025-at-12_14_42-PM.png\" title=\"ChatGPT Image Sep 19, 2025 at 12_14_42 PM\" alt=\"ChatGPT Image Sep 19, 2025 at 12_14_42 PM\" loading=\"lazy\" \/>\t\t\t\t\t\t\t\t\t\t\t\t\t\t\t<\/div>\n\t\t\t\t<\/div>\n\t\t\t\t\t<\/div>\n\t\t<\/div>\n\t\t\t\t<div class=\"elementor-column elementor-col-50 elementor-top-column elementor-element elementor-element-fec0587\" data-id=\"fec0587\" data-element_type=\"column\" data-e-type=\"column\">\n\t\t\t<div class=\"elementor-widget-wrap elementor-element-populated\">\n\t\t\t\t\t\t<div class=\"elementor-element elementor-element-748723ee elementor-widget elementor-widget-text-editor\" data-id=\"748723ee\" data-element_type=\"widget\" data-e-type=\"widget\" data-widget_type=\"text-editor.default\">\n\t\t\t\t<div class=\"elementor-widget-container\">\n\t\t\t\t\t\t\t\t\t<h1><strong>ADMINISTRACIJA:<\/strong><\/h1><p><strong>\u00a0<\/strong><\/p><p><strong style=\"font-size: 1rem; word-spacing: 0em;\">Telefonas:<\/strong><span style=\"font-size: 1rem; word-spacing: 0em; background-color: var( --e-global-color-c696dce );\"> +37061000358 <\/span><span style=\"font-size: 1rem; word-spacing: 0em;\">\u00a0<\/span><\/p><p><strong>Pa\u0161tas:<\/strong> info@pastatuelektronika.lt<\/p>\t\t\t\t\t\t\t\t<\/div>\n\t\t\t\t<\/div>\n\t\t\t\t\t<\/div>\n\t\t<\/div>\n\t\t\t\t\t<\/div>\n\t\t<\/section>\n\t\t\t\t<section class=\"elementor-section elementor-top-section elementor-element elementor-element-d80ef1e elementor-section-content-middle elementor-section-height-min-height elementor-section-items-stretch elementor-reverse-mobile elementor-section-boxed elementor-section-height-default\" data-id=\"d80ef1e\" data-element_type=\"section\" data-e-type=\"section\">\n\t\t\t\t\t\t<div class=\"elementor-container elementor-column-gap-no\">\n\t\t\t\t\t<div class=\"elementor-column elementor-col-50 elementor-top-column elementor-element elementor-element-6972bbf\" data-id=\"6972bbf\" data-element_type=\"column\" data-e-type=\"column\">\n\t\t\t<div class=\"elementor-widget-wrap elementor-element-populated\">\n\t\t\t\t\t\t<div class=\"elementor-element elementor-element-aea709c elementor-widget elementor-widget-text-editor\" data-id=\"aea709c\" data-element_type=\"widget\" data-e-type=\"widget\" data-widget_type=\"text-editor.default\">\n\t\t\t\t<div class=\"elementor-widget-container\">\n\t\t\t\t\t\t\t\t\t<h1><strong>PARDAVIMAI IR PROJEKTAI:<\/strong><\/h1><p><strong style=\"font-size: 1rem;\">Marius Katinas,<\/strong><\/p><p>Direktorius<\/p><p><strong>Telefonas:<\/strong> +370 60114910<\/p><p><strong>Email:<\/strong>\u00a0marius@pastatuelektronika.lt<\/p>\t\t\t\t\t\t\t\t<\/div>\n\t\t\t\t<\/div>\n\t\t\t\t\t<\/div>\n\t\t<\/div>\n\t\t\t\t<div class=\"elementor-column elementor-col-50 elementor-top-column elementor-element elementor-element-be9a43d\" data-id=\"be9a43d\" data-element_type=\"column\" data-e-type=\"column\" data-settings=\"{&quot;background_background&quot;:&quot;classic&quot;}\">\n\t\t\t<div class=\"elementor-widget-wrap elementor-element-populated\">\n\t\t\t\t\t\t<div class=\"elementor-element elementor-element-920eeeb elementor-widget__width-initial elementor-invisible elementor-widget elementor-widget-image\" data-id=\"920eeeb\" data-element_type=\"widget\" data-e-type=\"widget\" data-settings=\"{&quot;_animation&quot;:&quot;slideInUp&quot;}\" data-widget_type=\"image.default\">\n\t\t\t\t<div class=\"elementor-widget-container\">\n\t\t\t\t\t\t\t\t\t\t\t\t\t\t\t<img decoding=\"async\" width=\"1536\" height=\"1024\" src=\"https:\/\/pastatuelektronika.lt\/wp-content\/uploads\/2025\/09\/ChatGPT-Image-Sep-19-2025-at-12_18_13-PM.png\" class=\"attachment-full size-full wp-image-1951\" alt=\"\" srcset=\"https:\/\/pastatuelektronika.lt\/wp-content\/uploads\/2025\/09\/ChatGPT-Image-Sep-19-2025-at-12_18_13-PM.png 1536w, https:\/\/pastatuelektronika.lt\/wp-content\/uploads\/2025\/09\/ChatGPT-Image-Sep-19-2025-at-12_18_13-PM-300x200.png 300w, https:\/\/pastatuelektronika.lt\/wp-content\/uploads\/2025\/09\/ChatGPT-Image-Sep-19-2025-at-12_18_13-PM-1024x683.png 1024w, https:\/\/pastatuelektronika.lt\/wp-content\/uploads\/2025\/09\/ChatGPT-Image-Sep-19-2025-at-12_18_13-PM-768x512.png 768w\" sizes=\"(max-width: 1536px) 100vw, 1536px\" \/>\t\t\t\t\t\t\t\t\t\t\t\t\t\t\t<\/div>\n\t\t\t\t<\/div>\n\t\t\t\t\t<\/div>\n\t\t<\/div>\n\t\t\t\t\t<\/div>\n\t\t<\/section>\n\t\t\t\t<section class=\"elementor-section elementor-top-section elementor-element elementor-element-fe79308 elementor-section-content-middle elementor-section-height-min-height elementor-section-items-stretch elementor-reverse-mobile elementor-section-boxed elementor-section-height-default\" data-id=\"fe79308\" data-element_type=\"section\" data-e-type=\"section\">\n\t\t\t\t\t\t<div class=\"elementor-container elementor-column-gap-no\">\n\t\t\t\t\t<div class=\"elementor-column elementor-col-50 elementor-top-column elementor-element elementor-element-cc50bde\" data-id=\"cc50bde\" data-element_type=\"column\" data-e-type=\"column\">\n\t\t\t<div class=\"elementor-widget-wrap elementor-element-populated\">\n\t\t\t\t\t\t<div class=\"elementor-element elementor-element-8e5c44b elementor-widget elementor-widget-text-editor\" data-id=\"8e5c44b\" data-element_type=\"widget\" data-e-type=\"widget\" data-widget_type=\"text-editor.default\">\n\t\t\t\t<div class=\"elementor-widget-container\">\n\t\t\t\t\t\t\t\t\t<h1><strong>MONTAVIMAS IR APTARNAVIMAS:<\/strong><\/h1><p><strong>Saulius Katinas,<\/strong><\/p><p>Darb\u0173 vykdytojas<\/p><p><strong>Telefonas:<\/strong> +37067087635<\/p><p><strong>Email:<\/strong>\u00a0saulius@pastatuelektronika.lt<\/p>\t\t\t\t\t\t\t\t<\/div>\n\t\t\t\t<\/div>\n\t\t\t\t\t<\/div>\n\t\t<\/div>\n\t\t\t\t<div class=\"elementor-column elementor-col-50 elementor-top-column elementor-element elementor-element-475695b\" data-id=\"475695b\" data-element_type=\"column\" data-e-type=\"column\" data-settings=\"{&quot;background_background&quot;:&quot;classic&quot;}\">\n\t\t\t<div class=\"elementor-widget-wrap elementor-element-populated\">\n\t\t\t\t\t\t<div class=\"elementor-element elementor-element-dd0dc13 elementor-invisible elementor-widget elementor-widget-image\" data-id=\"dd0dc13\" data-element_type=\"widget\" data-e-type=\"widget\" data-settings=\"{&quot;_animation&quot;:&quot;slideInUp&quot;}\" data-widget_type=\"image.default\">\n\t\t\t\t<div class=\"elementor-widget-container\">\n\t\t\t\t\t\t\t\t\t\t\t\t\t\t\t<img decoding=\"async\" width=\"800\" height=\"534\" src=\"https:\/\/pastatuelektronika.lt\/wp-content\/uploads\/2025\/09\/ChatGPT-Image-Sep-19-2025-at-03_27_17-PM-1024x683.png\" class=\"attachment-large size-large wp-image-1978\" alt=\"\" srcset=\"https:\/\/pastatuelektronika.lt\/wp-content\/uploads\/2025\/09\/ChatGPT-Image-Sep-19-2025-at-03_27_17-PM-1024x683.png 1024w, https:\/\/pastatuelektronika.lt\/wp-content\/uploads\/2025\/09\/ChatGPT-Image-Sep-19-2025-at-03_27_17-PM-300x200.png 300w, https:\/\/pastatuelektronika.lt\/wp-content\/uploads\/2025\/09\/ChatGPT-Image-Sep-19-2025-at-03_27_17-PM-768x512.png 768w, https:\/\/pastatuelektronika.lt\/wp-content\/uploads\/2025\/09\/ChatGPT-Image-Sep-19-2025-at-03_27_17-PM.png 1536w\" sizes=\"(max-width: 800px) 100vw, 800px\" \/>\t\t\t\t\t\t\t\t\t\t\t\t\t\t\t<\/div>\n\t\t\t\t<\/div>\n\t\t\t\t\t<\/div>\n\t\t<\/div>\n\t\t\t\t\t<\/div>\n\t\t<\/section>\n\t\t\t\t<section class=\"elementor-section elementor-top-section elementor-element elementor-element-41b4659 elementor-section-content-middle elementor-section-height-min-height elementor-section-items-stretch elementor-section-boxed elementor-section-height-default\" data-id=\"41b4659\" data-element_type=\"section\" data-e-type=\"section\">\n\t\t\t\t\t\t<div class=\"elementor-container elementor-column-gap-no\">\n\t\t\t\t\t<div class=\"elementor-column elementor-col-50 elementor-top-column elementor-element elementor-element-3ddbf55\" data-id=\"3ddbf55\" data-element_type=\"column\" data-e-type=\"column\">\n\t\t\t<div class=\"elementor-widget-wrap elementor-element-populated\">\n\t\t\t\t\t\t<div class=\"elementor-element elementor-element-f667676 elementor-widget elementor-widget-text-editor\" data-id=\"f667676\" data-element_type=\"widget\" data-e-type=\"widget\" data-widget_type=\"text-editor.default\">\n\t\t\t\t<div class=\"elementor-widget-container\">\n\t\t\t\t\t\t\t\t\t<h1><strong>BUHALTERIJA:<\/strong><\/h1><p><b>Danut\u0117 \u017dubri\u016bt\u0117<\/b><\/p><p>Buhalter\u0117<\/p><p><strong style=\"font-size: 1rem; word-spacing: 0em;\">Telefonas:<\/strong><span style=\"font-size: 1rem; word-spacing: 0em; background-color: var( --e-global-color-c696dce );\">\u00a0+37060014806<\/span><\/p><p><strong>Pa\u0161tas s\u0105skaitoms:<\/strong>\u00a0buhalterija@pastatuelektronika.lt<\/p><p><strong>Pa\u0161tas klausimams:<\/strong>\u00a0<span style=\"font-size: 1rem; background-color: var( --e-global-color-c696dce );\">danute.zubriute@gmail.com<\/span><\/p>\t\t\t\t\t\t\t\t<\/div>\n\t\t\t\t<\/div>\n\t\t\t\t\t<\/div>\n\t\t<\/div>\n\t\t\t\t<div class=\"elementor-column elementor-col-50 elementor-top-column elementor-element elementor-element-5f4666f\" data-id=\"5f4666f\" data-element_type=\"column\" data-e-type=\"column\" data-settings=\"{&quot;background_background&quot;:&quot;classic&quot;}\">\n\t\t\t<div class=\"elementor-widget-wrap elementor-element-populated\">\n\t\t\t\t\t\t<div class=\"elementor-element elementor-element-dda1c71 elementor-invisible elementor-widget elementor-widget-image\" data-id=\"dda1c71\" data-element_type=\"widget\" data-e-type=\"widget\" data-settings=\"{&quot;_animation&quot;:&quot;slideInUp&quot;}\" data-widget_type=\"image.default\">\n\t\t\t\t<div class=\"elementor-widget-container\">\n\t\t\t\t\t\t\t\t\t\t\t\t\t\t\t<img loading=\"lazy\" decoding=\"async\" width=\"1024\" height=\"1024\" src=\"https:\/\/pastatuelektronika.lt\/wp-content\/uploads\/2025\/09\/ChatGPT-Image-Sep-19-2025-at-03_30_46-PM.png\" class=\"attachment-full size-full wp-image-1979\" alt=\"\" srcset=\"https:\/\/pastatuelektronika.lt\/wp-content\/uploads\/2025\/09\/ChatGPT-Image-Sep-19-2025-at-03_30_46-PM.png 1024w, https:\/\/pastatuelektronika.lt\/wp-content\/uploads\/2025\/09\/ChatGPT-Image-Sep-19-2025-at-03_30_46-PM-300x300.png 300w, https:\/\/pastatuelektronika.lt\/wp-content\/uploads\/2025\/09\/ChatGPT-Image-Sep-19-2025-at-03_30_46-PM-150x150.png 150w, https:\/\/pastatuelektronika.lt\/wp-content\/uploads\/2025\/09\/ChatGPT-Image-Sep-19-2025-at-03_30_46-PM-768x768.png 768w\" sizes=\"(max-width: 1024px) 100vw, 1024px\" \/>\t\t\t\t\t\t\t\t\t\t\t\t\t\t\t<\/div>\n\t\t\t\t<\/div>\n\t\t\t\t\t<\/div>\n\t\t<\/div>\n\t\t\t\t\t<\/div>\n\t\t<\/section>\n\t\t\t\t<\/div>\n\t\t","protected":false},"excerpt":{"rendered":"<p>Kontaktai Turite klausim\u0173? Mielai \u012f juos atsakysime. +37060114910 marius@pastatuelektronika.lt Dirbame:\u00a0Pirm.- Penkt. 8:00 &#8211; 17:00 \u00a0 \u00a0 Rekvizitai: \u0160viesi erdv\u0117, UAB \u012emon\u0117s kodas:\u00a0304599956 PVM mok\u0117tojo kodas:\u00a0LT100013079816 Adresas korespondencijai:\u00a0Pa\u0161il\u0117s g. 23-7, LT-51379 Kaunas Sand\u0117lio adresas:\u00a0Pramon\u0117s pr. 15A, Kaunas Atsiskaitomoji s\u0105skaita:\u00a0LT047300010160842862\u00a0 Swedbank, AB ADMINISTRACIJA: \u00a0 Telefonas: +37061000358 \u00a0 Pa\u0161tas: info@pastatuelektronika.lt PARDAVIMAI IR PROJEKTAI: Marius Katinas, Direktorius Telefonas: +370 [&hellip;]<\/p>\n","protected":false},"author":1,"featured_media":0,"parent":560,"menu_order":0,"comment_status":"closed","ping_status":"closed","template":"elementor_header_footer","meta":{"om_disable_all_campaigns":false,"_monsterinsights_skip_tracking":false,"_monsterinsights_sitenote_active":false,"_monsterinsights_sitenote_note":"","_monsterinsights_sitenote_category":0,"footnotes":""},"class_list":["post-541","page","type-page","status-publish","hentry"],"aioseo_notices":[],"jetpack_sharing_enabled":true,"jetpack-related-posts":[],"_links":{"self":[{"href":"https:\/\/pastatuelektronika.lt\/index.php\/wp-json\/wp\/v2\/pages\/541"}],"collection":[{"href":"https:\/\/pastatuelektronika.lt\/index.php\/wp-json\/wp\/v2\/pages"}],"about":[{"href":"https:\/\/pastatuelektronika.lt\/index.php\/wp-json\/wp\/v2\/types\/page"}],"author":[{"embeddable":true,"href":"https:\/\/pastatuelektronika.lt\/index.php\/wp-json\/wp\/v2\/users\/1"}],"replies":[{"embeddable":true,"href":"https:\/\/pastatuelektronika.lt\/index.php\/wp-json\/wp\/v2\/comments?post=541"}],"version-history":[{"count":141,"href":"https:\/\/pastatuelektronika.lt\/index.php\/wp-json\/wp\/v2\/pages\/541\/revisions"}],"predecessor-version":[{"id":2059,"href":"https:\/\/pastatuelektronika.lt\/index.php\/wp-json\/wp\/v2\/pages\/541\/revisions\/2059"}],"up":[{"embeddable":true,"href":"https:\/\/pastatuelektronika.lt\/index.php\/wp-json\/wp\/v2\/pages\/560"}],"wp:attachment":[{"href":"https:\/\/pastatuelektronika.lt\/index.php\/wp-json\/wp\/v2\/media?parent=541"}],"curies":[{"name":"wp","href":"https:\/\/api.w.org\/{rel}","templated":true}]}}